 What is the units digit of (-4)/22 + (-827)/q + -2?
3
Let y(t) = 10801*t - 399. What is the thousands digit of y(2)?
1
Suppose 0 = 10*v - 13*v + 162. Suppose h = -5*f + 149, 3*f + 2*h - v = 34. Let k = f + 30. What is the tens digit of k?
6
Suppose -c - 18 = -30. Let r be (4/c)/((-1)/9). What is the units digit of (182/5)/(68/20 + r)?
1
Suppose -17*n - 23 = -15*n + 3*p, 8 = n - 5*p. What is the units digit of 28/n + 1 - -14?
1
Let k(t) be the third derivative of 19*t**4/8 + 10*t**3/3 - t**2 - 2. What is the tens digit of k(1)?
7
Suppose -b - 5*g = -5*b - 201, 0 = -4*g + 20. Let a = b - -64. Suppose 5*k + a = 55. What is the units digit of k?
7
Let i(y) be the second derivative of y**5/10 - 3*y**4/4 + 2*y**3/3 + 12*y**2 + y + 8. What is the units digit of i(8)?
4
Let c(x) = -x**3 - 7*x**2 + 6*x - 15. Let m be c(-8). Let t(i) = 71*i + 2. Let l(r) = 214*r + 6. Let p(h) = -5*l(h) + 16*t(h). What is the tens digit of p(m)?
6
Let m = 227 - 467. Let c = 414 + m. Let b = c + -84. What is the units digit of b?
0
Let s(r) = -r - 3. Let g be s(-5). Suppose w - 19 = -2*u, 0*u = -3*w + 5*u + g. Suppose -234 = -12*c + w*c. What is the tens digit of c?
7
Let d = 636 + -634. What is the units digit of (1329 - -5) + d/(-2) + 3?
6
Let x(w) = -w**3 - 3*w**2 + 11*w + 10. Let c be x(-5). Suppose -5*v = -15, -5*i + 1135 = c*v - 115. What is the hundreds digit of i?
2
Let o = 524 - 296. Let u = o + -223. What is the units digit of u?
5
What is the tens digit of 52827/6 + (-48)/(-72)*6/(-8)?
0
Suppose -4 = -b, -323 = -2*j - 3*b - 77. Suppose -11*d + 455 + j = 0. Suppose u = -2*f + 220, u = -f + d + 59. What is the units digit of f?
9
Suppose 7*m + 4018 = 2*k + 10*m, 6020 = 3*k + m. Suppose -2*p + 5*p = -2*l + k, -p + 676 = -3*l. What is the units digit of p?
0
Let p be (1 - 696)*1170/(-325). Let l = p - 1194. What is the units digit of l?
8
Let k(a) be the third derivative of -a**4/6 - a**3 - 15*a**2. Let x be k(6). Let j = x - -63. What is the tens digit of j?
3
Suppose 0 = -13*v + 9*v + 28. What is the hundreds digit of (2 - 1785/(-6)) + v/(-14)?
2
Let p(t) = 18 + 4*t + 0*t - 5*t + 4*t + t**2. What is the hundreds digit of p(-13)?
1
Suppose -5*j = -6*u - 307431, 3*j + u + 122978 = 5*j. What is the ten thousands digit of j?
6
Suppose -l = -2*u - 4, 0*l + 2*l - 2*u - 6 = 0. Suppose -3*o = -l - 4. Suppose -o*i + 6 = -22. What is the tens digit of i?
1
Let a be (37305/10 - 4) + (-6)/(-4). Suppose -9*d - 308 = -a. Let c = -211 + d. What is the units digit of c?
9
Let z(b) = 4*b + 63. Let r be z(0). Let m = r - 33. Let t = m + 1. What is the tens digit of t?
3
Let t(i) = -i**3 - 15*i**2 - 30*i - 7. Let n = 358 + -372. What is the tens digit of t(n)?
1
Suppose -2*y = -24 + 32. What is the units digit of 400/(-8*y/48)?
0
What is the thousands digit of 1/(78/(-156) - (-9958)/19912)?
9
What is the units digit of (2/3*9)/(8 - (-1329119)/(-166144))?
8
Let a(y) = y**3 - 3*y**2 - y - 123. Let d be a(0). Suppose 4*w + 299 = -265. Let f = d - w. What is the units digit of f?
8
Let s(u) = -5 + u**3 - 15*u + 59*u**2 + 68*u**2 - 122*u**2. Let y be s(-7). What is the hundreds digit of ((-54)/(-2))/(3*y/36)?
1
Suppose -65980 = 55*o - 59*o + q, 5*o - 82464 = 4*q. What is the tens digit of o?
9
Let f(p) = -13*p**3 - 17*p**2 - 57*p - 4. Let x be f(-6). Suppose -3*k - t + 3402 = -379, -4*t + x = 2*k. What is the hundreds digit of k?
2
Let t = 25263 - 4884. What is the hundreds digit of t?
3
Suppose -7 - 41 = -3*u. Let c = -6614 - -6499. Let t = u - c. What is the tens digit of t?
3
Let n be 1 + -3 + 1 - -5. Suppose -n*b - 24320 = -42*b. What is the tens digit of b?
4
Let k = 44 + -47. Let o be (k - (-20)/24)/((-1)/6). Let a(l) = l**3 - 14*l**2 + 17*l - 12. What is the units digit of a(o)?
0
Let l = 60 - 54. Suppose l*p - 756 = 60. What is the units digit of p?
6
Let s(r) = 53*r**2 + 11. Let c be s(-13). Suppose 12*f - c = 4*f. What is the units digit of f?
1
Suppose -b - 95 = -v, -4*b = -7*v + 2*v + 475. Let y = 93 + v. What is the hundreds digit of y?
1
What is the hundreds digit of 187481/63 + (-136)/72 + 7 + -5?
9
Let m(l) = -l**3 + 3*l**2 + 5*l. Let r be 7 + -2 + -2 + 1. Let v be m(r). Suppose -4*z + 336 = -4*w, 110 = 3*z + v*w - 121. What is the tens digit of z?
8
Let t(w) = w**2 - 13*w + 17. Let f be t(12). Suppose -d - 3 = 0, f*d - 3*d = -j + 450. What is the units digit of j?
6
Let s = -472 - -706. Let g = -80 + 80. Suppose -5*t + 2*t + s = g. What is the tens digit of t?
7
Suppose 40*i - 41*i + 2 = 0. Suppose -w = i*b - 3, -12 = -4*w + 2*b - 3*b. Suppose 182 = -w*n + 5*n + 2*l, 4*n - 334 = 2*l. What is the units digit of n?
6
Let c = -4596 - -8353. What is the hundreds digit of c?
7
Suppose 6*h + 27209 = 19*h. Suppose h = -f + 2611. What is the units digit of f?
8
Let r = 20 + -16. Suppose 0*t = -j + t + r, j - 4*t = 4. Suppose -5*u - 36 = -k, u = -0*k - j*k + 165. What is the units digit of k?
1
Let p(t) = t - 12. Suppose 4*l + 4*l = 136. Let y be p(l). Suppose 2*a = -a + y*u + 560, 2*a + 5*u - 415 = 0. What is the tens digit of a?
9
Suppose -3*w - 223*z + 29583 = -227*z, -2*w - 2*z = -19694. What is the units digit of w?
3
Let x be ((-45)/35)/(33/(-77)). Suppose -4*i = 2*n - 138, -x*n + 58 = i - 134. What is the units digit of n?
3
Suppose -37*t + 297040 = 2*t - 23*t. What is the units digit of t?
5
Suppose -5*a + 97875 = 5*p, -5*p = -4*a - 11502 - 86445. What is the tens digit of p?
8
Suppose -2131 - 177 = 4*i. Let p = -352 - i. What is the hundreds digit of p?
2
Let c = -4384 - -6832. What is the units digit of (-5)/3*c/(-24)?
0
Suppose 9*o + 23064 = 21*o. Suppose -4*q + o = 3*s, s + s - 2*q = 1286. What is the tens digit of s?
4
Let f = -33525 + 59582. What is the tens digit of f?
5
Let k(j) be the third derivative of -49*j**6/120 + 2*j**5/15 - j**4/4 + 2*j**3/3 + 3*j**2 + 5*j. What is the tens digit of k(-3)?
1
Suppose 6*c + 45 = -j + 4*c, -2*j + 2*c - 60 = 0. Let q = j + 39. Suppose -p = q*p - 460. What is the tens digit of p?
9
Let m be -8*(-5 - 7/(-2)). Let u(j) = j**3 - 9*j**2 + 3*j - 14. What is the hundreds digit of u(m)?
4
Let n(t) = 53*t**2 - 34*t + 92. Let j(o) = 27*o**2 - 17*o + 46. Let h(q) = 5*j(q) - 2*n(q). What is the units digit of h(4)?
2
What is the hundreds digit of (66/44)/((-19209)/25614 + (-6)/(-8))?
6
What is the units digit of 30/15 - (4 - (-14853)/(-9))*3?
1
Let p = -4699 - -8429. What is the hundreds digit of p?
7
Suppose -2 = -c, -3*c = -29*f + 27*f + 80608. What is the ten thousands digit of f?
4
Suppose 4*x + x - 215 = 0. Let r = -47 + x. Let b(o) = 4*o**2 - 2*o + 13. What is the units digit of b(r)?
5
Let i(d) = 392*d**2 - 1055*d - 6306. What is the ten thousands digit of i(-6)?
1
Let h = 85 + -71. Let r be (-24)/h + 2 - (-8)/(-28). Suppose 0 = o - 3*o + 4*w + 146, o + 2*w - 65 = r. What is the units digit of o?
9
Suppose 7*l + 2951 = -759. Let a be 6/12 + l/(-4). Let n = a - 65. What is the tens digit of n?
6
Suppose 4*p + 194 = 1378. Let a = -82 + p. Let d = -103 + a. What is the hundreds digit of d?
1
Let n(h) = h**3 + 2*h**2 - h - 1. Let i(x) = -16*x**3 - 9*x**2 + 26*x + 2. Let j(r) = i(r) + 5*n(r). What is the tens digit of j(-5)?
9
Suppose 61*o = 33*o + 26*o + 16162. What is the thousands digit of o?
8
Suppose -27468 = -5*m + 3*a, 5*m + 3*a - 22101 = 5391. What is the units digit of m?
6
Suppose 4*s - 10 = 2. Let j(h) = 11*h**2 + 2*h - 24. Let b(v) = 13*v**2 + 2*v - 26. Let l(o) = 6*b(o) - 7*j(o). What is the units digit of l(s)?
5
Let g be (-6 + (-72)/(-14))*-511. Let y = 259 + g. What is the tens digit of y?
9
Suppose 5*q = a - 19, -4*a = -5*q + 8*q - 53. Suppose -24*i + 1720 = -a*i. What is the tens digit of i?
7
Let v = -39 + 45. Suppose -w = -v*w + 25. Suppose -4*o - 2*b + 85 = -b, -w*b = 2*o - 65. What is the units digit of o?
0
Let h = 7379 - 687. What is the hundreds digit of h?
6
What is the tens digit of ((173/(-1))/(-1))/(-5*(-10)/12050)?
9
Suppose 5*s = 3*p - 47391, -104*p - 2*s - 15797 = -105*p. What is the ten thousands digit of p?
1
Let u = 96 + -55. Let r(h) = 7*h**3 - h - 2. Let f be r(-1). Let i = u + f. What is the units digit of i?
3
Let d(c) = c**3 - 8*c**2 - 12*c + 23. Let b be d(9). What is the tens digit of 10/b*2*(-14 - -10)?
2
Suppose -4*y + 3*l + 25660 = 0, 3*l + 31375 = 5*y - 703. What is the units digit of